{"id":8,"date":"2023-04-08T08:08:11","date_gmt":"2023-04-08T06:08:11","guid":{"rendered":"https:\/\/voiptech.pl\/?page_id=8"},"modified":"2023-04-18T20:32:27","modified_gmt":"2023-04-18T18:32:27","slug":"strona-glowna","status":"publish","type":"page","link":"https:\/\/voiptech.pl\/?page_id=8","title":{"rendered":"Nasze chmury"},"content":{"rendered":"\t\t<div data-elementor-type=\"wp-page\" data-elementor-id=\"8\" class=\"elementor elementor-8\">\n\t\t\t\t\t\t\t\t\t<section class=\"elementor-section elementor-top-section elementor-element elementor-element-1bb1fa18 elementor-section-boxed elementor-section-height-default elementor-section-height-default\" data-id=\"1bb1fa18\" data-element_type=\"section\">\n\t\t\t\t\t\t<div class=\"elementor-container elementor-column-gap-default\">\n\t\t\t\t\t<div class=\"elementor-column elementor-col-100 elementor-top-column elementor-element elementor-element-1de0dc17\" data-id=\"1de0dc17\" data-element_type=\"column\">\n\t\t\t<div class=\"elementor-widget-wrap elementor-element-populated\">\n\t\t\t\t\t\t\t\t<div class=\"elementor-element elementor-element-404a681d elementor-widget elementor-widget-text-editor\" data-id=\"404a681d\" data-element_type=\"widget\" data-widget_type=\"text-editor.default\">\n\t\t\t\t<div class=\"elementor-widget-container\">\n\t\t\t<style>\/*! elementor - v3.12.1 - 02-04-2023 *\/\n.elementor-widget-text-editor.elementor-drop-cap-view-stacked .elementor-drop-cap{background-color:#69727d;color:#fff}.elementor-widget-text-editor.elementor-drop-cap-view-framed .elementor-drop-cap{color:#69727d;border:3px solid;background-color:transparent}.elementor-widget-text-editor:not(.elementor-drop-cap-view-default) .elementor-drop-cap{margin-top:8px}.elementor-widget-text-editor:not(.elementor-drop-cap-view-default) .elementor-drop-cap-letter{width:1em;height:1em}.elementor-widget-text-editor .elementor-drop-cap{float:left;text-align:center;line-height:1;font-size:50px}.elementor-widget-text-editor .elementor-drop-cap-letter{display:inline-block}<\/style>\t\t\t\t<!-- wp:heading {\"level\":1} -->\n<h1 class=\"wp-block-heading\">Wirtualna centrala telefoniczna VoIP dla Twojej firmy<\/h1>\n<!-- \/wp:heading -->\n\n<!-- wp:paragraph -->\n<p>Narz\u0119dzie dla post\u0119powych dzia\u0142\u00f3w sprzeda\u017cy. Pozosta\u0144 w kontakcie, utrzymuj po\u0142\u0105czenia, zwi\u0119kszaj poziom us\u0142ug i automatyzuj rutynowe procesy dzi\u0119ki wirtualnej telefonii od Jopek.<\/p>\n<!-- \/wp:paragraph -->\n\n<!-- wp:heading -->\n<h2 class=\"wp-block-heading\">Co to jest Wirtualna Centrala VoIP<\/h2>\n<!-- \/wp:heading -->\n\n<!-- wp:heading -->\n<h2 class=\"wp-block-heading\"><strong>Wirtualna Centrala PBX<\/strong>\u00a0to platforma telefoniczna w chmurze, kt\u00f3ra wsp\u00f3\u0142pracuje z technologi\u0105 VoIP przez Internet. W przeciwie\u0144stwie do tradycyjnej analogowej centrali telefonicznej wirtualna centrala telefoniczna umo\u017cliwia prac\u0119 w dowolnym miejscu i obs\u0142ug\u0119 klient\u00f3w bezpo\u015brednio z urz\u0105dze\u0144 dost\u0119pnych w naszym sklepie internetowym.<\/h2>\n<!-- \/wp:heading -->\t\t\t\t\t\t<\/div>\n\t\t\t\t<\/div>\n\t\t\t\t\t<\/div>\n\t\t<\/div>\n\t\t\t\t\t\t\t<\/div>\n\t\t<\/section>\n\t\t\t\t<section class=\"elementor-section elementor-top-section elementor-element elementor-element-bf47fdb elementor-section-boxed elementor-section-height-default elementor-section-height-default\" data-id=\"bf47fdb\" data-element_type=\"section\">\n\t\t\t\t\t\t<div class=\"elementor-container elementor-column-gap-default\">\n\t\t\t\t\t<div class=\"elementor-column elementor-col-100 elementor-top-column elementor-element elementor-element-a1f90c1\" data-id=\"a1f90c1\" data-element_type=\"column\">\n\t\t\t<div class=\"elementor-widget-wrap elementor-element-populated\">\n\t\t\t\t\t\t\t\t<div class=\"elementor-element elementor-element-3f9bb71 elementor-widget elementor-widget-image\" data-id=\"3f9bb71\" data-element_type=\"widget\" data-widget_type=\"image.default\">\n\t\t\t\t<div class=\"elementor-widget-container\">\n\t\t\t<style>\/*! elementor - v3.12.1 - 02-04-2023 *\/\n.elementor-widget-image{text-align:center}.elementor-widget-image a{display:inline-block}.elementor-widget-image a img[src$=\".svg\"]{width:48px}.elementor-widget-image img{vertical-align:middle;display:inline-block}<\/style>\t\t\t\t\t\t\t\t\t\t\t\t<img loading=\"lazy\" decoding=\"async\" width=\"160\" height=\"160\" src=\"https:\/\/voiptech.pl\/wp-content\/uploads\/2023\/04\/czerwony_ruch-1.gif\" class=\"attachment-large size-large wp-image-422\" alt=\"\" \/>\t\t\t\t\t\t\t\t\t\t\t\t\t\t\t<\/div>\n\t\t\t\t<\/div>\n\t\t\t\t<div class=\"elementor-element elementor-element-0a562c9 elementor-widget elementor-widget-button\" data-id=\"0a562c9\" data-element_type=\"widget\" data-widget_type=\"button.default\">\n\t\t\t\t<div class=\"elementor-widget-container\">\n\t\t\t\t\t<div class=\"elementor-button-wrapper\">\n\t\t\t<a href=\"https:\/\/voiptech.pl\/?post_type=product\" class=\"elementor-button-link elementor-button elementor-size-sm\" role=\"button\">\n\t\t\t\t\t\t<span class=\"elementor-button-content-wrapper\">\n\t\t\t\t\t\t<span class=\"elementor-button-text\">Sklep internetowy<\/span>\n\t\t<\/span>\n\t\t\t\t\t<\/a>\n\t\t<\/div>\n\t\t\t\t<\/div>\n\t\t\t\t<\/div>\n\t\t\t\t\t<\/div>\n\t\t<\/div>\n\t\t\t\t\t\t\t<\/div>\n\t\t<\/section>\n\t\t\t\t\t\t\t<\/div>\n\t\t","protected":false},"excerpt":{"rendered":"<p>Wirtualna centrala telefoniczna VoIP dla Twojej firmy Narz\u0119dzie dla post\u0119powych dzia\u0142\u00f3w sprzeda\u017cy. Pozosta\u0144 w kontakcie, utrzymuj po\u0142\u0105czenia, zwi\u0119kszaj poziom us\u0142ug i automatyzuj rutynowe procesy dzi\u0119ki wirtualnej telefonii od Jopek. Co to jest Wirtualna Centrala VoIP Wirtualna Centrala PBX\u00a0to platforma telefoniczna w chmurze, kt\u00f3ra wsp\u00f3\u0142pracuje z technologi\u0105 VoIP przez Internet. W przeciwie\u0144stwie do tradycyjnej analogowej centrali [&hellip;]<\/p>\n","protected":false},"author":1,"featured_media":31,"parent":0,"menu_order":0,"comment_status":"closed","ping_status":"closed","template":"","meta":{"footnotes":""},"class_list":["post-8","page","type-page","status-publish","has-post-thumbnail","hentry"],"_links":{"self":[{"href":"https:\/\/voiptech.pl\/index.php?rest_route=\/wp\/v2\/pages\/8","targetHints":{"allow":["GET"]}}],"collection":[{"href":"https:\/\/voiptech.pl\/index.php?rest_route=\/wp\/v2\/pages"}],"about":[{"href":"https:\/\/voiptech.pl\/index.php?rest_route=\/wp\/v2\/types\/page"}],"author":[{"embeddable":true,"href":"https:\/\/voiptech.pl\/index.php?rest_route=\/wp\/v2\/users\/1"}],"replies":[{"embeddable":true,"href":"https:\/\/voiptech.pl\/index.php?rest_route=%2Fwp%2Fv2%2Fcomments&post=8"}],"version-history":[{"count":14,"href":"https:\/\/voiptech.pl\/index.php?rest_route=\/wp\/v2\/pages\/8\/revisions"}],"predecessor-version":[{"id":430,"href":"https:\/\/voiptech.pl\/index.php?rest_route=\/wp\/v2\/pages\/8\/revisions\/430"}],"wp:featuredmedia":[{"embeddable":true,"href":"https:\/\/voiptech.pl\/index.php?rest_route=\/wp\/v2\/media\/31"}],"wp:attachment":[{"href":"https:\/\/voiptech.pl\/index.php?rest_route=%2Fwp%2Fv2%2Fmedia&parent=8"}],"curies":[{"name":"wp","href":"https:\/\/api.w.org\/{rel}","templated":true}]}}